b = -q. What is the units digit of j?
8
Let i(u) be the third derivative of u**5/20 + u**4/12 + u**3/2 + 2*u**2. Let x be i(3). Suppose -4*c = -x + 8. What is the units digit of c?
7
Let t(n) = -4*n + 9 - 2*n + 2*n - 3. What is the units digit of t(-7)?
4
Let t(z) = z**3 - 13*z**2 + 14*z - 13. Let m be t(12). Suppose 2*f - 14 = -3*x, 3*f - m = 5*x - 28. What is the units digit of x?
4
Let j(u) = u**3 - 31*u**2 + 36*u + 42. What is the tens digit of j(30)?
2
Suppose 0 = 4*q - 18 - 42. What is the units digit of q?
5
Let i(c) = 5*c + 1. Suppose 3*u - 3 = -0, 12 = 3*h - 3*u. What is the tens digit of i(h)?
2
Let q(p) = -p - 19. Let u be q(-10). Let g(b) = b**2 + 9*b - 2. Let l be g(u). What is the units digit of 244/11 + l/11?
2
Let q = -98 + 210. What is the tens digit of q?
1
Suppose -4*r + 5*j - 3 = 4*j, -5*r - 25 = 3*j. What is the units digit of 38/9 + r/9?
4
Let r = 9 + 54. What is the tens digit of r?
6
Let h(f) = -99*f + 21. What is the tens digit of h(-2)?
1
Let w(d) = -d**2 - 6*d + 3. Let h be w(-7). Let y(m) = 6*m + 12. Let g be y(-6). Let x = h - g. What is the units digit of x?
0
Let g(r) = -r**2 + 3*r + 12. Let b be g(6). What is the units digit of (-161)/(-14) + b/(-4)?
3
Let q(b) = -2*b**2 + 25*b + 2. What is the tens digit of q(11)?
3
Let m(j) = 1 + 0*j**2 + j - 2*j**2 + 3 + j**2. What is the units digit of m(0)?
4
Suppose 3*o = -n - 2, 2*o - 3*n + 8 = -7*n. Suppose -4*p + 2*u - 2 = o, -4*p - 4 - 1 = -u. What is the tens digit of (-145)/(-10) - p/(-4)?
1
Let x = 114 + -29. What is the units digit of x?
5
Let w = 71 + 27. What is the tens digit of w?
9
Suppose 5*n = 5*i, 3*n - 10 + 4 = i. Let o(b) = 3*b - n*b + b + 2. What is the units digit of o(4)?
6
Suppose 0*q + 2*q = -4. Suppose 3*i = t - 85, -3*i - 42 - 28 = -4*t. What is the units digit of i/(-7) - q/(-7)?
4
Let w(s) = -s - 2. Suppose a = -2*a + 3*q - 6, -5*q = 4*a + 26. Let f be w(a). Let y = 1 + f. What is the units digit of y?
3
Let w(a) = -a**3 + 6*a**2 - 3*a + 1. Let c be 2/(((-9)/2)/(-9)). What is the tens digit of w(c)?
2
Suppose 0 = -0*j - 2*j + 58. What is the tens digit of j?
2
Let s be (-154)/(-8) + (-12)/(-16). Suppose -3*w - w + s = 0. Suppose h - 4 = w. What is the units digit of h?
9
Let n(p) = -p + 1. Let m be n(2). Let x = 10 - m. What is the units digit of x?
1
Let d(n) = 0 + n**2 - 2*n + 0*n + 4 - n. What is the units digit of d(3)?
4
Let c(y) be the third derivative of 1/24*y**4 + 0 - 1/120*y**6 - 1/60*y**5 + 0*y + 2*y**2 + 1/2*y**3. What is the units digit of c(0)?
3
Let o(k) = k**2 - k + 1. Let a be o(-4). Let d = 47 - a. What is the tens digit of d?
2
Suppose -5*q + 3*p = -57, 2*p + p + 9 = q. What is the units digit of (-7)/(((-8)/2)/q)?
1
Let f(y) = -y**3 - y**2 + 7*y + 13. What is the tens digit of f(-3)?
1
Let h(i) = i + 2. Suppose t + 5*x + 7 = 0, -10 = 2*t + 2*t + 2*x. Let o be h(t). What is the units digit of 1/(1/2) + o?
2
Let l(w) = w**3 + w**2 - w + 18. Let b be l(0). Suppose -n + b = -y, 4*n = 2*y + 10 + 64. What is the units digit of n?
9
Suppose 0 = -3*w - 2*w + 40. What is the tens digit of (43 - 1)*4/w?
2
Suppose 4*q = 5*i - 247, -3*i + 121 + 17 = q. What is the tens digit of i?
4
Suppose 3*a - h = 2*h + 54, -a + 26 = -3*h. What is the tens digit of a?
1
Suppose 29 = -4*a - 11. Let o = 17 + a. What is the units digit of o?
7
Let f = 3 + -1. Let t(a) = -1 - f + a + 6. What is the units digit of t(-2)?
1
Let k(y) be the second derivative of 7*y**3/6 - 7*y**2/2 - y. Let r be k(8). Suppose 0 = -4*d - b + 69, 6*b = 3*d + 4*b - r. What is the units digit of d?
7
Suppose -2*q = 4*f - 0*q - 174, 2*f - 5*q - 93 = 0. What is the tens digit of f?
4
Suppose 3*q - 40 = -5*z, 3*z - 5*q + 10 = -0*z. Suppose -4*f + 2 = 22, 4*i - z*f - 33 = 0. Let s = 5 - i. What is the units digit of s?
3
Let v = 315 + 14. What is the hundreds digit of v?
3
Let r = 14 + -11. What is the units digit of r?
3
Suppose 0 = -6*p + p. Suppose -c - 1 + 2 = p. What is the units digit of c?
1
Suppose 8 = 4*z - 0. Suppose z*v = 4*v. Suppose -r + 5 + v = 0. What is the units digit of r?
5
Let i be (-39 + 0)*2/(-6). Let l = -9 + i. What is the units digit of l?
4
Suppose -75 = 5*j - 1135. What is the tens digit of j?
1
Let l(b) = 6*b. Let x be l(-1). Let m = -1 - x. What is the units digit of m?
5
Let y be (27/(-6))/(6/(-16)). Let r = 24 + y. What is the units digit of r?
6
Suppose 4*y + 3 = 2*l - 7*l, 5*l = -15. Suppose -2*w + 3*w - 4*z = 8, -w - z = -y. Suppose -w*n + 12 = -0*n. What is the units digit of n?
3
Let r(g) be the third derivative of g**7/1260 - g**6/720 + g**4/8 + 3*g**2. Let o(l) be the second derivative of r(l). What is the units digit of o(-2)?
0
Let k(l) = 14*l + 37. What is the hundreds digit of k(8)?
1
Let g(p) = -p**3 - p + 19. Let d be g(0). Suppose -2*x + 0*b + 15 = 5*b, d = 2*x + b. Suppose -a - x = -6*a. What is the units digit of a?
2
Let f = -4 - -11. Let k(v) = 5*v + v**2 + f - 1 - 2*v + 5*v. What is the units digit of k(-8)?
6
Suppose t = -5*r + 2, 5*t - 27 = 2*r + 37. Let l = 16 - t. What is the units digit of l?
4
Let l(a) = -a**3 - 4*a**2 + 6*a + 4. Let k be l(-6). Let w = 44 + -74. What is the units digit of (w/25)/((-6)/k)?
8
Suppose 11 = b - 0*b. Let z be b/2*(-4)/(-1). Suppose 4*r + m - 10 = -1, 5*m = 3*r + z. What is the units digit of r?
1
Let l(i) = 3 - i**2 + 7*i - 1 - 3. What is the units digit of l(6)?
5
Suppose -2*f + 3*x = -125, -2*f + 82 = -x - 45. What is the tens digit of f?
6
Let t(g) = -g**3 - g**2 + g - 1. What is the units digit of t(-3)?
4
Suppose 3*u = -2*u + 80. What is the tens digit of u?
1
Suppose -109 = 4*n + 3*b, -4*b = -5*n - 3*b - 122. Let q = n - -37. What is the tens digit of q?
1
Suppose -60 = -4*o + 2*o - 4*y, 2*y = 2. What is the units digit of o?
8
Let q = -3 - -6. Let p be q + -1*(-3)/3. What is the units digit of (-3)/6 - (-50)/p?
2
Let g be 6*(-3)/(-6) - -21. What is the tens digit of 0/(-1) - g/(-2)?
1
Let j = 1 + 0. What is the units digit of j/((-724)/(-180) + -4)?
5
Suppose x + 9 = 28. What is the tens digit of x?
1
Let b(c) = 2*c**2 + 3*c. Let j be b(-3). Let y = 18 - j. Suppose 0 = -i + 5*z + y, -2*i + 3*z + 11 = -7. What is the units digit of i?
9
What is the tens digit of (-5 - -3)*(-30)/4?
1
Let d(h) = h**3 + 2*h**2 - 2*h - 3. Let p be d(-2). Suppose p = -o - 0. Let x = 7 + o. What is the units digit of x?
6
Suppose 0 = 3*r - 3*b - b - 62, -3*r - b + 82 = 0. What is the units digit of r?
6
Let a(x) be the first derivative of x**4/4 - 2*x**3/3 - 3*x**2/2 + x + 3. What is the units digit of a(3)?
1
Suppose 0 = -f - 2*y - 12, 0*f + 5*y + 17 = 4*f. Let u(p) be the second derivative of -7*p**3/6 - 3*p**2/2 - p. What is the tens digit of u(f)?
1
Let j = -14 + 17. What is the units digit of j?
3
Suppose 0*a + 4*a - 2*d + 4 = 0, 10 = 3*a + 5*d. Let u = 6 - a. Suppose u = -0*r + 2*r. What is the units digit of r?
3
Let l(y) be the second derivative of -2*y**5/5 - y**2/2 + 5*y. Suppose 28 = -3*m + 5*h, -3*m + 22 = 6*h - h. What is the units digit of l(m)?
7
Let u = -3 + 7. Suppose 3*o = o - u. What is the units digit of (-1)/(-1 + 0) - o?
3
Suppose -3*p + 0*t - 4*t + 62 = 0, 2*p = -4*t + 36. Let z = p + -17. What is the units digit of z?
9
Suppose 7*u - 4*u = 24. Suppose -u*c = -13*c + 115. What is the units digit of c?
3
Let h(g) = 2*g - 10. What is the units digit of h(7)?
4
Let j(f) = f**2 - 2*f - 5. Let r be j(5). Suppose -h - 4*h - r = 0. Let a = h - -9. What is the units digit of a?
7
Suppose 2*q = 2*p - 2*q - 72, 4*p - 4*q = 124. Let f = 42 - p. What is the tens digit of f?
1
Let c(n) = -n**3 + 9*n**2 + 10*n + 6. Let w be c(10). What is the units digit of w/30 + 218/10?
2
Suppose -8*v = -6*v - 38. Suppose 32 = 3*q - v. What is the units digit of q?
7
Let h be (11/(-1))/(0 + -1). Suppose h + 4 = 3*z. Suppose 30 - 5 = 5*a, -z*a = -5*f + 5. What is the units digit of f?
6
Let k = 8 + 28. What is the tens digit of k?
3
Suppose -4*l - 16 + 0 = 0. Let y = l + 12. What is the units digit of y?
8
Let t(g) = g**3 - 7*g**2 + 10*g - 9. What is the units digit of t(6)?
5
Suppose 92 = -2*y + 6*y. What is the units digit of y?
3
Let d be (-6)/(-4)*32/3. Suppose k = -k + d. What is the units digit of k?
8
Let w(j) = -2*j. Let d be w(12). Let f = d - -37. What is the tens digit of f?
1
Suppose 3*g + 3*p + 32 = 635, -